{"id":41,"date":"2023-10-12T20:31:21","date_gmt":"2023-10-12T18:31:21","guid":{"rendered":"https:\/\/cuentayrazon.es\/cyr1e\/?page_id=41"},"modified":"2023-10-12T20:31:21","modified_gmt":"2023-10-12T18:31:21","slug":"relacion-de-autores","status":"publish","type":"page","link":"https:\/\/cuentayrazon.es\/cyr1e\/relacion-de-autores\/","title":{"rendered":"Relaci\u00f3n de Autores"},"content":{"rendered":"\n\n<p class=\"wp-block-tag-cloud\"><a href=\"https:\/\/cuentayrazon.es\/cyr1e\/tag\/adolfo-castano\/\" class=\"tag-cloud-link tag-link-565 tag-link-position-1\" style=\"font-size: 16.032786885246pt;\" aria-label=\"Adolfo Casta\u00f1o (24 elementos)\">Adolfo Casta\u00f1o<\/a>\n<a href=\"https:\/\/cuentayrazon.es\/cyr1e\/tag\/alejandro-munoz-alonso\/\" class=\"tag-cloud-link tag-link-191 tag-link-position-2\" style=\"font-size: 11.44262295082pt;\" aria-label=\"Alejandro Mu\u00f1oz Alonso (9 elementos)\">Alejandro Mu\u00f1oz Alonso<\/a>\n<a href=\"https:\/\/cuentayrazon.es\/cyr1e\/tag\/alfredo-ramon\/\" class=\"tag-cloud-link tag-link-192 tag-link-position-3\" style=\"font-size: 16.032786885246pt;\" aria-label=\"Alfredo Ram\u00f3n (24 elementos)\">Alfredo Ram\u00f3n<\/a>\n<a href=\"https:\/\/cuentayrazon.es\/cyr1e\/tag\/alicia-villar-ezcurra\/\" class=\"tag-cloud-link tag-link-945 tag-link-position-4\" style=\"font-size: 8.9180327868852pt;\" aria-label=\"Alicia Villar Ezcurra (5 elementos)\">Alicia Villar Ezcurra<\/a>\n<a href=\"https:\/\/cuentayrazon.es\/cyr1e\/tag\/amando-de-miguel-rodriguez\/\" class=\"tag-cloud-link tag-link-278 tag-link-position-5\" style=\"font-size: 10.868852459016pt;\" aria-label=\"Amando de Miguel Rodr\u00edguez (8 elementos)\">Amando de Miguel Rodr\u00edguez<\/a>\n<a href=\"https:\/\/cuentayrazon.es\/cyr1e\/tag\/ana-maria-preckler\/\" class=\"tag-cloud-link tag-link-841 tag-link-position-6\" style=\"font-size: 17.065573770492pt;\" aria-label=\"Ana Mar\u00eda Preckler (30 elementos)\">Ana Mar\u00eda Preckler<\/a>\n<a href=\"https:\/\/cuentayrazon.es\/cyr1e\/tag\/antonio-castillo-algarra\/\" class=\"tag-cloud-link tag-link-835 tag-link-position-7\" style=\"font-size: 9.7213114754098pt;\" aria-label=\"Antonio Castillo Algarra (6 elementos)\">Antonio Castillo Algarra<\/a>\n<a href=\"https:\/\/cuentayrazon.es\/cyr1e\/tag\/antonio-hernandez-sonseca-perez\/\" class=\"tag-cloud-link tag-link-848 tag-link-position-8\" style=\"font-size: 11.901639344262pt;\" aria-label=\"Antonio Hern\u00e1ndez-Sonseca P\u00e9rez (10 elementos)\">Antonio Hern\u00e1ndez-Sonseca P\u00e9rez<\/a>\n<a href=\"https:\/\/cuentayrazon.es\/cyr1e\/tag\/antonio-marquina-barrio\/\" class=\"tag-cloud-link tag-link-209 tag-link-position-9\" style=\"font-size: 10.868852459016pt;\" aria-label=\"Antonio Marquina Barrio (8 elementos)\">Antonio Marquina Barrio<\/a>\n<a href=\"https:\/\/cuentayrazon.es\/cyr1e\/tag\/antonio-saenz-de-miera\/\" class=\"tag-cloud-link tag-link-119 tag-link-position-10\" style=\"font-size: 10.295081967213pt;\" aria-label=\"Antonio S\u00e1enz de Miera (7 elementos)\">Antonio S\u00e1enz de Miera<\/a>\n<a href=\"https:\/\/cuentayrazon.es\/cyr1e\/tag\/antxon-sarasqueta\/\" class=\"tag-cloud-link tag-link-425 tag-link-position-11\" style=\"font-size: 11.44262295082pt;\" aria-label=\"Antx\u00f3n Sarasqueta (9 elementos)\">Antx\u00f3n Sarasqueta<\/a>\n<a href=\"https:\/\/cuentayrazon.es\/cyr1e\/tag\/bela-martinova\/\" class=\"tag-cloud-link tag-link-929 tag-link-position-12\" style=\"font-size: 9.7213114754098pt;\" aria-label=\"Bela Martinova (6 elementos)\">Bela Martinova<\/a>\n<a href=\"https:\/\/cuentayrazon.es\/cyr1e\/tag\/bernabe-sarabia-heydrich\/\" class=\"tag-cloud-link tag-link-482 tag-link-position-13\" style=\"font-size: 14.655737704918pt;\" aria-label=\"Bernab\u00e9 Sarabia Heydrich (18 elementos)\">Bernab\u00e9 Sarabia Heydrich<\/a>\n<a href=\"https:\/\/cuentayrazon.es\/cyr1e\/tag\/carlos-seco-serrano\/\" class=\"tag-cloud-link tag-link-45 tag-link-position-14\" style=\"font-size: 16.032786885246pt;\" aria-label=\"Carlos Seco Serrano (24 elementos)\">Carlos Seco Serrano<\/a>\n<a href=\"https:\/\/cuentayrazon.es\/cyr1e\/tag\/carmen-rocamora-garcia-iglesias\/\" class=\"tag-cloud-link tag-link-552 tag-link-position-15\" style=\"font-size: 10.295081967213pt;\" aria-label=\"Carmen Rocamora Garc\u00eda-Iglesias (7 elementos)\">Carmen Rocamora Garc\u00eda-Iglesias<\/a>\n<a href=\"https:\/\/cuentayrazon.es\/cyr1e\/tag\/cesar-perez-gracia\/\" class=\"tag-cloud-link tag-link-796 tag-link-position-16\" style=\"font-size: 15.803278688525pt;\" aria-label=\"C\u00e9sar P\u00e9rez Gracia (23 elementos)\">C\u00e9sar P\u00e9rez Gracia<\/a>\n<a href=\"https:\/\/cuentayrazon.es\/cyr1e\/tag\/dalmacio-negro-pavon\/\" class=\"tag-cloud-link tag-link-426 tag-link-position-17\" style=\"font-size: 8pt;\" aria-label=\"Dalmacio Negro Pav\u00f3n (4 elementos)\">Dalmacio Negro Pav\u00f3n<\/a>\n<a href=\"https:\/\/cuentayrazon.es\/cyr1e\/tag\/domingo-garcia-sabell\/\" class=\"tag-cloud-link tag-link-18 tag-link-position-18\" style=\"font-size: 9.7213114754098pt;\" aria-label=\"Domingo Garc\u00eda-Sabell (6 elementos)\">Domingo Garc\u00eda-Sabell<\/a>\n<a href=\"https:\/\/cuentayrazon.es\/cyr1e\/tag\/eduardo-martinez-de-pison-stampa\/\" class=\"tag-cloud-link tag-link-510 tag-link-position-19\" style=\"font-size: 9.7213114754098pt;\" aria-label=\"Eduardo Mart\u00ednez de Pis\u00f3n Stampa (6 elementos)\">Eduardo Mart\u00ednez de Pis\u00f3n Stampa<\/a>\n<a href=\"https:\/\/cuentayrazon.es\/cyr1e\/tag\/emilio-benavent\/\" class=\"tag-cloud-link tag-link-120 tag-link-position-20\" style=\"font-size: 11.44262295082pt;\" aria-label=\"Emilio Benavent (9 elementos)\">Emilio Benavent<\/a>\n<a href=\"https:\/\/cuentayrazon.es\/cyr1e\/tag\/enrique-gonzalez-fernandez\/\" class=\"tag-cloud-link tag-link-728 tag-link-position-21\" style=\"font-size: 17.868852459016pt;\" aria-label=\"Enrique Gonz\u00e1lez Fern\u00e1ndez (35 elementos)\">Enrique Gonz\u00e1lez Fern\u00e1ndez<\/a>\n<a href=\"https:\/\/cuentayrazon.es\/cyr1e\/tag\/federico-carlos-sainz-de-robles-y-rodriguez\/\" class=\"tag-cloud-link tag-link-216 tag-link-position-22\" style=\"font-size: 11.44262295082pt;\" aria-label=\"Federico Carlos S\u00e1inz de Robles y Rodr\u00edguez (9 elementos)\">Federico Carlos S\u00e1inz de Robles y Rodr\u00edguez<\/a>\n<a href=\"https:\/\/cuentayrazon.es\/cyr1e\/tag\/federico-jimenez-losantos\/\" class=\"tag-cloud-link tag-link-469 tag-link-position-23\" style=\"font-size: 13.16393442623pt;\" aria-label=\"Federico Jim\u00e9nez Losantos (13 elementos)\">Federico Jim\u00e9nez Losantos<\/a>\n<a href=\"https:\/\/cuentayrazon.es\/cyr1e\/tag\/federico-mayor-zaragoza\/\" class=\"tag-cloud-link tag-link-126 tag-link-position-24\" style=\"font-size: 9.7213114754098pt;\" aria-label=\"Federico Mayor Zaragoza (6 elementos)\">Federico Mayor Zaragoza<\/a>\n<a href=\"https:\/\/cuentayrazon.es\/cyr1e\/tag\/fernando-chueca-goitia\/\" class=\"tag-cloud-link tag-link-7 tag-link-position-25\" style=\"font-size: 16.377049180328pt;\" aria-label=\"Fernando Chueca Goitia (26 elementos)\">Fernando Chueca Goitia<\/a>\n<a href=\"https:\/\/cuentayrazon.es\/cyr1e\/tag\/fernando-garcia-de-cortazar-ruiz-de-aguirre\/\" class=\"tag-cloud-link tag-link-142 tag-link-position-26\" style=\"font-size: 9.7213114754098pt;\" aria-label=\"Fernando Garc\u00eda de Cort\u00e1zar Ruiz de Aguirre (6 elementos)\">Fernando Garc\u00eda de Cort\u00e1zar Ruiz de Aguirre<\/a>\n<a href=\"https:\/\/cuentayrazon.es\/cyr1e\/tag\/fernando-lazaro-carreter\/\" class=\"tag-cloud-link tag-link-46 tag-link-position-27\" style=\"font-size: 8.9180327868852pt;\" aria-label=\"Fernando L\u00e1zaro Carreter (5 elementos)\">Fernando L\u00e1zaro Carreter<\/a>\n<a href=\"https:\/\/cuentayrazon.es\/cyr1e\/tag\/fernando-marias\/\" class=\"tag-cloud-link tag-link-73 tag-link-position-28\" style=\"font-size: 10.295081967213pt;\" aria-label=\"Fernando Mar\u00edas (7 elementos)\">Fernando Mar\u00edas<\/a>\n<a href=\"https:\/\/cuentayrazon.es\/cyr1e\/tag\/fernando-saenz-ridruejo\/\" class=\"tag-cloud-link tag-link-730 tag-link-position-29\" style=\"font-size: 18.901639344262pt;\" aria-label=\"Fernando S\u00e1enz Ridruejo (44 elementos)\">Fernando S\u00e1enz Ridruejo<\/a>\n<a href=\"https:\/\/cuentayrazon.es\/cyr1e\/tag\/florentino-portero-rodriguez\/\" class=\"tag-cloud-link tag-link-164 tag-link-position-30\" style=\"font-size: 11.44262295082pt;\" aria-label=\"Florentino Portero Rodr\u00edguez (9 elementos)\">Florentino Portero Rodr\u00edguez<\/a>\n<a href=\"https:\/\/cuentayrazon.es\/cyr1e\/tag\/francesco-de-nigris\/\" class=\"tag-cloud-link tag-link-948 tag-link-position-31\" style=\"font-size: 10.868852459016pt;\" aria-label=\"Francesco de Nigris (8 elementos)\">Francesco de Nigris<\/a>\n<a href=\"https:\/\/cuentayrazon.es\/cyr1e\/tag\/francisco-grande-covian\/\" class=\"tag-cloud-link tag-link-22 tag-link-position-32\" style=\"font-size: 8.9180327868852pt;\" aria-label=\"Francisco Grande Covi\u00e1n (5 elementos)\">Francisco Grande Covi\u00e1n<\/a>\n<a href=\"https:\/\/cuentayrazon.es\/cyr1e\/tag\/francisco-javier-lopez-frias\/\" class=\"tag-cloud-link tag-link-36 tag-link-position-33\" style=\"font-size: 9.7213114754098pt;\" aria-label=\"Francisco Javier L\u00f3pez Fr\u00edas (6 elementos)\">Francisco Javier L\u00f3pez Fr\u00edas<\/a>\n<a href=\"https:\/\/cuentayrazon.es\/cyr1e\/tag\/francisco-morales-padron\/\" class=\"tag-cloud-link tag-link-352 tag-link-position-34\" style=\"font-size: 10.868852459016pt;\" aria-label=\"Francisco Morales Padr\u00f3n (8 elementos)\">Francisco Morales Padr\u00f3n<\/a>\n<a href=\"https:\/\/cuentayrazon.es\/cyr1e\/tag\/francisco-yndurain\/\" class=\"tag-cloud-link tag-link-89 tag-link-position-35\" style=\"font-size: 9.7213114754098pt;\" aria-label=\"Francisco Yndur\u00e1in (6 elementos)\">Francisco Yndur\u00e1in<\/a>\n<a href=\"https:\/\/cuentayrazon.es\/cyr1e\/tag\/gaspar-arino-ortiz\/\" class=\"tag-cloud-link tag-link-28 tag-link-position-36\" style=\"font-size: 10.868852459016pt;\" aria-label=\"Gaspar Ari\u00f1o Ortiz (8 elementos)\">Gaspar Ari\u00f1o Ortiz<\/a>\n<a href=\"https:\/\/cuentayrazon.es\/cyr1e\/tag\/gonzalo-anes-alvarez-de-castrillon\/\" class=\"tag-cloud-link tag-link-821 tag-link-position-37\" style=\"font-size: 8.9180327868852pt;\" aria-label=\"Gonzalo Anes Alvarez de Castrill\u00f3n (5 elementos)\">Gonzalo Anes Alvarez de Castrill\u00f3n<\/a>\n<a href=\"https:\/\/cuentayrazon.es\/cyr1e\/tag\/gregorio-salvador-caja\/\" class=\"tag-cloud-link tag-link-585 tag-link-position-38\" style=\"font-size: 11.901639344262pt;\" aria-label=\"Gregorio Salvador Caja (10 elementos)\">Gregorio Salvador Caja<\/a>\n<a href=\"https:\/\/cuentayrazon.es\/cyr1e\/tag\/gregorio-varela-mosquera\/\" class=\"tag-cloud-link tag-link-97 tag-link-position-39\" style=\"font-size: 8.9180327868852pt;\" aria-label=\"Gregorio Varela Mosquera (5 elementos)\">Gregorio Varela Mosquera<\/a>\n<a href=\"https:\/\/cuentayrazon.es\/cyr1e\/tag\/harold-raley\/\" class=\"tag-cloud-link tag-link-136 tag-link-position-40\" style=\"font-size: 9.7213114754098pt;\" aria-label=\"Harold Raley (6 elementos)\">Harold Raley<\/a>\n<a href=\"https:\/\/cuentayrazon.es\/cyr1e\/tag\/helio-carpintero-capell\/\" class=\"tag-cloud-link tag-link-746 tag-link-position-41\" style=\"font-size: 16.606557377049pt;\" aria-label=\"Helio Carpintero Capell (27 elementos)\">Helio Carpintero Capell<\/a>\n<a href=\"https:\/\/cuentayrazon.es\/cyr1e\/tag\/horacio-saenz-guerrero\/\" class=\"tag-cloud-link tag-link-262 tag-link-position-42\" style=\"font-size: 9.7213114754098pt;\" aria-label=\"Horacio S\u00e1enz Guerrero (6 elementos)\">Horacio S\u00e1enz Guerrero<\/a>\n<a href=\"https:\/\/cuentayrazon.es\/cyr1e\/tag\/j-j-armas-marcelo\/\" class=\"tag-cloud-link tag-link-583 tag-link-position-43\" style=\"font-size: 8.9180327868852pt;\" aria-label=\"J. J. Armas Marcelo (5 elementos)\">J. J. Armas Marcelo<\/a>\n<a href=\"https:\/\/cuentayrazon.es\/cyr1e\/tag\/jaime-benitez\/\" class=\"tag-cloud-link tag-link-30 tag-link-position-44\" style=\"font-size: 8.9180327868852pt;\" aria-label=\"Jaime Ben\u00edtez (5 elementos)\">Jaime Ben\u00edtez<\/a>\n<a href=\"https:\/\/cuentayrazon.es\/cyr1e\/tag\/javier-pardo-de-santayana-y-coloma\/\" class=\"tag-cloud-link tag-link-780 tag-link-position-45\" style=\"font-size: 12.360655737705pt;\" aria-label=\"Javier Pardo de Santayana y Coloma (11 elementos)\">Javier Pardo de Santayana y Coloma<\/a>\n<a href=\"https:\/\/cuentayrazon.es\/cyr1e\/tag\/javier-tusell-gomez\/\" class=\"tag-cloud-link tag-link-15 tag-link-position-46\" style=\"font-size: 20.737704918033pt;\" aria-label=\"Javier Tusell G\u00f3mez (64 elementos)\">Javier Tusell G\u00f3mez<\/a>\n<a href=\"https:\/\/cuentayrazon.es\/cyr1e\/tag\/joaquim-ferrer-roca\/\" class=\"tag-cloud-link tag-link-456 tag-link-position-47\" style=\"font-size: 11.44262295082pt;\" aria-label=\"Joaquim Ferrer Roca (9 elementos)\">Joaquim Ferrer Roca<\/a>\n<a href=\"https:\/\/cuentayrazon.es\/cyr1e\/tag\/jorge-berlanga\/\" class=\"tag-cloud-link tag-link-246 tag-link-position-48\" style=\"font-size: 17.639344262295pt;\" aria-label=\"Jorge Berlanga (34 elementos)\">Jorge Berlanga<\/a>\n<a href=\"https:\/\/cuentayrazon.es\/cyr1e\/tag\/jose-luis-lanaspa\/\" class=\"tag-cloud-link tag-link-901 tag-link-position-49\" style=\"font-size: 15.114754098361pt;\" aria-label=\"Jos\u00e9 Luis Lanaspa (20 elementos)\">Jos\u00e9 Luis Lanaspa<\/a>\n<a href=\"https:\/\/cuentayrazon.es\/cyr1e\/tag\/jose-luis-pinillos\/\" class=\"tag-cloud-link tag-link-10 tag-link-position-50\" style=\"font-size: 16.606557377049pt;\" aria-label=\"Jos\u00e9 Luis Pinillos (27 elementos)\">Jos\u00e9 Luis Pinillos<\/a>\n<a href=\"https:\/\/cuentayrazon.es\/cyr1e\/tag\/jose-manuel-cuenca-toribio\/\" class=\"tag-cloud-link tag-link-157 tag-link-position-51\" style=\"font-size: 13.737704918033pt;\" aria-label=\"Jos\u00e9 Manuel Cuenca Toribio (15 elementos)\">Jos\u00e9 Manuel Cuenca Toribio<\/a>\n<a href=\"https:\/\/cuentayrazon.es\/cyr1e\/tag\/jose-maria-alfaro\/\" class=\"tag-cloud-link tag-link-64 tag-link-position-52\" style=\"font-size: 10.295081967213pt;\" aria-label=\"Jos\u00e9 Mar\u00eda Alfaro (7 elementos)\">Jos\u00e9 Mar\u00eda Alfaro<\/a>\n<a href=\"https:\/\/cuentayrazon.es\/cyr1e\/tag\/jose-maria-carrascal\/\" class=\"tag-cloud-link tag-link-299 tag-link-position-53\" style=\"font-size: 8.9180327868852pt;\" aria-label=\"Jos\u00e9 Mar\u00eda Carrascal Mu\u00f1oz (5 elementos)\">Jos\u00e9 Mar\u00eda Carrascal Mu\u00f1oz<\/a>\n<a href=\"https:\/\/cuentayrazon.es\/cyr1e\/tag\/jose-maria-fernandez-rua\/\" class=\"tag-cloud-link tag-link-579 tag-link-position-54\" style=\"font-size: 12.360655737705pt;\" aria-label=\"Jos\u00e9 Mar\u00eda Fern\u00e1ndez-R\u00faa (11 elementos)\">Jos\u00e9 Mar\u00eda Fern\u00e1ndez-R\u00faa<\/a>\n<a href=\"https:\/\/cuentayrazon.es\/cyr1e\/tag\/juan-antonio-franco-olivan\/\" class=\"tag-cloud-link tag-link-449 tag-link-position-55\" style=\"font-size: 11.44262295082pt;\" aria-label=\"Juan Antonio Franco Oliv\u00e1n (9 elementos)\">Juan Antonio Franco Oliv\u00e1n<\/a>\n<a href=\"https:\/\/cuentayrazon.es\/cyr1e\/tag\/juan-del-agua\/\" class=\"tag-cloud-link tag-link-54 tag-link-position-56\" style=\"font-size: 16.72131147541pt;\" aria-label=\"Juan del Agua (28 elementos)\">Juan del Agua<\/a>\n<a href=\"https:\/\/cuentayrazon.es\/cyr1e\/tag\/juan-diez-nicolas\/\" class=\"tag-cloud-link tag-link-200 tag-link-position-57\" style=\"font-size: 11.44262295082pt;\" aria-label=\"Juan D\u00edez Nicol\u00e1s (9 elementos)\">Juan D\u00edez Nicol\u00e1s<\/a>\n<a href=\"https:\/\/cuentayrazon.es\/cyr1e\/tag\/juan-jose-guerenabarrena\/\" class=\"tag-cloud-link tag-link-239 tag-link-position-58\" style=\"font-size: 14.081967213115pt;\" aria-label=\"Juan Jos\u00e9 Guerenabarrena (16 elementos)\">Juan Jos\u00e9 Guerenabarrena<\/a>\n<a href=\"https:\/\/cuentayrazon.es\/cyr1e\/tag\/juan-maria-laboa\/\" class=\"tag-cloud-link tag-link-145 tag-link-position-59\" style=\"font-size: 8.9180327868852pt;\" aria-label=\"Juan Mar\u00eda Laboa (5 elementos)\">Juan Mar\u00eda Laboa<\/a>\n<a href=\"https:\/\/cuentayrazon.es\/cyr1e\/tag\/juan-pablo-fusi-aizpurua\/\" class=\"tag-cloud-link tag-link-9 tag-link-position-60\" style=\"font-size: 9.7213114754098pt;\" aria-label=\"Juan Pablo Fusi Aizpurua (6 elementos)\">Juan Pablo Fusi Aizpurua<\/a>\n<a href=\"https:\/\/cuentayrazon.es\/cyr1e\/tag\/juan-velarde-fuertes\/\" class=\"tag-cloud-link tag-link-606 tag-link-position-61\" style=\"font-size: 11.44262295082pt;\" aria-label=\"Juan Velarde Fuertes (9 elementos)\">Juan Velarde Fuertes<\/a>\n<a href=\"https:\/\/cuentayrazon.es\/cyr1e\/tag\/julio-almeida-nesi\/\" class=\"tag-cloud-link tag-link-115 tag-link-position-62\" style=\"font-size: 17.639344262295pt;\" aria-label=\"Julio Almeida Nesi (34 elementos)\">Julio Almeida Nesi<\/a>\n<a href=\"https:\/\/cuentayrazon.es\/cyr1e\/tag\/julian-marias\/\" class=\"tag-cloud-link tag-link-3 tag-link-position-63\" style=\"font-size: 22pt;\" aria-label=\"Juli\u00e1n Mar\u00edas (83 elementos)\">Juli\u00e1n Mar\u00edas<\/a>\n<a href=\"https:\/\/cuentayrazon.es\/cyr1e\/tag\/justino-sinova\/\" class=\"tag-cloud-link tag-link-227 tag-link-position-64\" style=\"font-size: 14.426229508197pt;\" aria-label=\"Justino Sinova (17 elementos)\">Justino Sinova<\/a>\n<a href=\"https:\/\/cuentayrazon.es\/cyr1e\/tag\/loyola-de-palacio-del-valle-lersundi\/\" class=\"tag-cloud-link tag-link-916 tag-link-position-65\" style=\"font-size: 8.9180327868852pt;\" aria-label=\"Loyola de Palacio del Valle Lersundi (5 elementos)\">Loyola de Palacio del Valle Lersundi<\/a>\n<a href=\"https:\/\/cuentayrazon.es\/cyr1e\/tag\/luisa-santamaria\/\" class=\"tag-cloud-link tag-link-935 tag-link-position-66\" style=\"font-size: 11.44262295082pt;\" aria-label=\"Luisa Santamar\u00eda (9 elementos)\">Luisa Santamar\u00eda<\/a>\n<a href=\"https:\/\/cuentayrazon.es\/cyr1e\/tag\/luis-bru\/\" class=\"tag-cloud-link tag-link-275 tag-link-position-67\" style=\"font-size: 8.9180327868852pt;\" aria-label=\"Luis Bru (5 elementos)\">Luis Bru<\/a>\n<a href=\"https:\/\/cuentayrazon.es\/cyr1e\/tag\/luis-jimenez-martos\/\" class=\"tag-cloud-link tag-link-147 tag-link-position-68\" style=\"font-size: 12.704918032787pt;\" aria-label=\"Luis Jim\u00e9nez Martos (12 elementos)\">Luis Jim\u00e9nez Martos<\/a>\n<a href=\"https:\/\/cuentayrazon.es\/cyr1e\/tag\/maria-victoria-del-barrio-gandara\/\" class=\"tag-cloud-link tag-link-734 tag-link-position-69\" style=\"font-size: 8.9180327868852pt;\" aria-label=\"Maria Victoria del Barrio G\u00e1ndara (5 elementos)\">Maria Victoria del Barrio G\u00e1ndara<\/a>\n<a href=\"https:\/\/cuentayrazon.es\/cyr1e\/tag\/mario-hernandez-sanchez-barba\/\" class=\"tag-cloud-link tag-link-94 tag-link-position-70\" style=\"font-size: 10.295081967213pt;\" aria-label=\"Mario Hern\u00e1ndez S\u00e1nchez Barba (7 elementos)\">Mario Hern\u00e1ndez S\u00e1nchez Barba<\/a>\n<a href=\"https:\/\/cuentayrazon.es\/cyr1e\/tag\/mario-parajon\/\" class=\"tag-cloud-link tag-link-222 tag-link-position-71\" style=\"font-size: 17.295081967213pt;\" aria-label=\"Mario Paraj\u00f3n (31 elementos)\">Mario Paraj\u00f3n<\/a>\n<a href=\"https:\/\/cuentayrazon.es\/cyr1e\/tag\/maria-g-santa-eulalia\/\" class=\"tag-cloud-link tag-link-729 tag-link-position-72\" style=\"font-size: 18.786885245902pt;\" aria-label=\"Mar\u00eda G. Santa Eulalia (43 elementos)\">Mar\u00eda G. Santa Eulalia<\/a>\n<a href=\"https:\/\/cuentayrazon.es\/cyr1e\/tag\/maria-luisa-pries\/\" class=\"tag-cloud-link tag-link-450 tag-link-position-73\" style=\"font-size: 9.7213114754098pt;\" aria-label=\"Mar\u00eda Luisa Pries (6 elementos)\">Mar\u00eda Luisa Pries<\/a>\n<a href=\"https:\/\/cuentayrazon.es\/cyr1e\/tag\/maria-riaza\/\" class=\"tag-cloud-link tag-link-834 tag-link-position-74\" style=\"font-size: 10.295081967213pt;\" aria-label=\"Mar\u00eda Riaza (7 elementos)\">Mar\u00eda Riaza<\/a>\n<a href=\"https:\/\/cuentayrazon.es\/cyr1e\/tag\/maria-angeles-duran-heras\/\" class=\"tag-cloud-link tag-link-725 tag-link-position-75\" style=\"font-size: 10.868852459016pt;\" aria-label=\"Mar\u00eda \u00c1ngeles Dur\u00e1n Heras (8 elementos)\">Mar\u00eda \u00c1ngeles Dur\u00e1n Heras<\/a>\n<a href=\"https:\/\/cuentayrazon.es\/cyr1e\/tag\/mauro-armino\/\" class=\"tag-cloud-link tag-link-460 tag-link-position-76\" style=\"font-size: 18.327868852459pt;\" aria-label=\"Mauro Armi\u00f1o (39 elementos)\">Mauro Armi\u00f1o<\/a>\n<a href=\"https:\/\/cuentayrazon.es\/cyr1e\/tag\/mercedes-gordon\/\" class=\"tag-cloud-link tag-link-826 tag-link-position-77\" style=\"font-size: 10.295081967213pt;\" aria-label=\"Mercedes Gordon (7 elementos)\">Mercedes Gordon<\/a>\n<a href=\"https:\/\/cuentayrazon.es\/cyr1e\/tag\/miguel-escudero\/\" class=\"tag-cloud-link tag-link-382 tag-link-position-78\" style=\"font-size: 18.901639344262pt;\" aria-label=\"Miguel Escudero (44 elementos)\">Miguel Escudero<\/a>\n<a href=\"https:\/\/cuentayrazon.es\/cyr1e\/tag\/miguel-martinez-cuadrado\/\" class=\"tag-cloud-link tag-link-271 tag-link-position-79\" style=\"font-size: 12.704918032787pt;\" aria-label=\"Miguel Mart\u00ednez Cuadrado (12 elementos)\">Miguel Mart\u00ednez Cuadrado<\/a>\n<a href=\"https:\/\/cuentayrazon.es\/cyr1e\/tag\/nuno-aguirre-de-carcer-giron\/\" class=\"tag-cloud-link tag-link-524 tag-link-position-80\" style=\"font-size: 15.573770491803pt;\" aria-label=\"Nu\u00f1o Aguirre de C\u00e1rcer Gir\u00f3n (22 elementos)\">Nu\u00f1o Aguirre de C\u00e1rcer Gir\u00f3n<\/a>\n<a href=\"https:\/\/cuentayrazon.es\/cyr1e\/tag\/octavio-ruiz-manjon-cabeza\/\" class=\"tag-cloud-link tag-link-42 tag-link-position-81\" style=\"font-size: 8.9180327868852pt;\" aria-label=\"Octavio Ruiz-Manj\u00f3n Cabeza (5 elementos)\">Octavio Ruiz-Manj\u00f3n Cabeza<\/a>\n<a href=\"https:\/\/cuentayrazon.es\/cyr1e\/tag\/olegario-gonzalez-de-cardedal\/\" class=\"tag-cloud-link tag-link-483 tag-link-position-82\" style=\"font-size: 10.295081967213pt;\" aria-label=\"Olegario Gonz\u00e1lez de Cardedal (7 elementos)\">Olegario Gonz\u00e1lez de Cardedal<\/a>\n<a href=\"https:\/\/cuentayrazon.es\/cyr1e\/tag\/pablo-ruiz-jarabo\/\" class=\"tag-cloud-link tag-link-760 tag-link-position-83\" style=\"font-size: 11.44262295082pt;\" aria-label=\"Pablo Ruiz Jarabo (9 elementos)\">Pablo Ruiz Jarabo<\/a>\n<a href=\"https:\/\/cuentayrazon.es\/cyr1e\/tag\/pedro-carrero-eras\/\" class=\"tag-cloud-link tag-link-177 tag-link-position-84\" style=\"font-size: 15.803278688525pt;\" aria-label=\"Pedro Carrero Eras (23 elementos)\">Pedro Carrero Eras<\/a>\n<a href=\"https:\/\/cuentayrazon.es\/cyr1e\/tag\/pedro-francisco-gago-guerrero\/\" class=\"tag-cloud-link tag-link-801 tag-link-position-85\" style=\"font-size: 9.7213114754098pt;\" aria-label=\"Pedro Francisco Gago Guerrero (6 elementos)\">Pedro Francisco Gago Guerrero<\/a>\n<a href=\"https:\/\/cuentayrazon.es\/cyr1e\/tag\/pedro-lain-entralgo\/\" class=\"tag-cloud-link tag-link-135 tag-link-position-86\" style=\"font-size: 13.508196721311pt;\" aria-label=\"Pedro La\u00edn Entralgo (14 elementos)\">Pedro La\u00edn Entralgo<\/a>\n<a href=\"https:\/\/cuentayrazon.es\/cyr1e\/tag\/pedro-ortiz-armengol\/\" class=\"tag-cloud-link tag-link-283 tag-link-position-87\" style=\"font-size: 8.9180327868852pt;\" aria-label=\"Pedro Ortiz Armengol (5 elementos)\">Pedro Ortiz Armengol<\/a>\n<a href=\"https:\/\/cuentayrazon.es\/cyr1e\/tag\/pietro-prini\/\" class=\"tag-cloud-link tag-link-70 tag-link-position-88\" style=\"font-size: 9.7213114754098pt;\" aria-label=\"Pietro Prini (6 elementos)\">Pietro Prini<\/a>\n<a href=\"https:\/\/cuentayrazon.es\/cyr1e\/tag\/pilar-martin-guzman\/\" class=\"tag-cloud-link tag-link-511 tag-link-position-89\" style=\"font-size: 11.901639344262pt;\" aria-label=\"Pilar Mart\u00edn-Guzm\u00e1n (10 elementos)\">Pilar Mart\u00edn-Guzm\u00e1n<\/a>\n<a href=\"https:\/\/cuentayrazon.es\/cyr1e\/tag\/rafael-anson\/\" class=\"tag-cloud-link tag-link-11 tag-link-position-90\" style=\"font-size: 20.508196721311pt;\" aria-label=\"Rafael Ans\u00f3n (61 elementos)\">Rafael Ans\u00f3n<\/a>\n<a href=\"https:\/\/cuentayrazon.es\/cyr1e\/tag\/rafael-conte\/\" class=\"tag-cloud-link tag-link-25 tag-link-position-91\" style=\"font-size: 14.426229508197pt;\" aria-label=\"Rafael Conte (17 elementos)\">Rafael Conte<\/a>\n<a href=\"https:\/\/cuentayrazon.es\/cyr1e\/tag\/salustiano-del-campo-urbano\/\" class=\"tag-cloud-link tag-link-23 tag-link-position-92\" style=\"font-size: 15.573770491803pt;\" aria-label=\"Salustiano del Campo Urbano (22 elementos)\">Salustiano del Campo Urbano<\/a>\n<a href=\"https:\/\/cuentayrazon.es\/cyr1e\/tag\/salvador-bermudez-de-castro\/\" class=\"tag-cloud-link tag-link-657 tag-link-position-93\" style=\"font-size: 9.7213114754098pt;\" aria-label=\"Salvador Berm\u00fadez de Castro (6 elementos)\">Salvador Berm\u00fadez de Castro<\/a>\n<a href=\"https:\/\/cuentayrazon.es\/cyr1e\/tag\/santiago-foncillas-casaus\/\" class=\"tag-cloud-link tag-link-6 tag-link-position-94\" style=\"font-size: 8.9180327868852pt;\" aria-label=\"Santiago Foncillas Casaus (5 elementos)\">Santiago Foncillas Casaus<\/a>\n<a href=\"https:\/\/cuentayrazon.es\/cyr1e\/tag\/santiago-grisolia\/\" class=\"tag-cloud-link tag-link-52 tag-link-position-95\" style=\"font-size: 8pt;\" aria-label=\"Santiago Grisol\u00eda (4 elementos)\">Santiago Grisol\u00eda<\/a>\n<a href=\"https:\/\/cuentayrazon.es\/cyr1e\/tag\/stanley-g-payne\/\" class=\"tag-cloud-link tag-link-4 tag-link-position-96\" style=\"font-size: 10.295081967213pt;\" aria-label=\"Stanley G. Payne (7 elementos)\">Stanley G. Payne<\/a>\n<a href=\"https:\/\/cuentayrazon.es\/cyr1e\/tag\/valenti-puig\/\" class=\"tag-cloud-link tag-link-530 tag-link-position-97\" style=\"font-size: 10.868852459016pt;\" aria-label=\"Valent\u00ed Puig (8 elementos)\">Valent\u00ed Puig<\/a>\n<a href=\"https:\/\/cuentayrazon.es\/cyr1e\/tag\/victor-molero-ayala\/\" class=\"tag-cloud-link tag-link-742 tag-link-position-98\" style=\"font-size: 9.7213114754098pt;\" aria-label=\"V\u00edctor Molero Ayala (6 elementos)\">V\u00edctor Molero Ayala<\/a>\n<a href=\"https:\/\/cuentayrazon.es\/cyr1e\/tag\/alvaro-martinez-novillo-2\/\" class=\"tag-cloud-link tag-link-173 tag-link-position-99\" style=\"font-size: 14.426229508197pt;\" aria-label=\"\u00c1lvaro Mart\u00ednez-Novillo (17 elementos)\">\u00c1lvaro Mart\u00ednez-Novillo<\/a>\n<a href=\"https:\/\/cuentayrazon.es\/cyr1e\/tag\/alvaro-marias\/\" class=\"tag-cloud-link tag-link-237 tag-link-position-100\" style=\"font-size: 21.885245901639pt;\" aria-label=\"\u00c1lvaro Mar\u00edas (80 elementos)\">\u00c1lvaro Mar\u00edas<\/a><\/p>","protected":false},"excerpt":{"rendered":"","protected":false},"author":1,"featured_media":0,"parent":0,"menu_order":0,"comment_status":"closed","ping_status":"closed","template":"","meta":{"footnotes":""},"class_list":["post-41","page","type-page","status-publish"],"_links":{"self":[{"href":"https:\/\/cuentayrazon.es\/cyr1e\/wp-json\/wp\/v2\/pages\/41","targetHints":{"allow":["GET"]}}],"collection":[{"href":"https:\/\/cuentayrazon.es\/cyr1e\/wp-json\/wp\/v2\/pages"}],"about":[{"href":"https:\/\/cuentayrazon.es\/cyr1e\/wp-json\/wp\/v2\/types\/page"}],"author":[{"embeddable":true,"href":"https:\/\/cuentayrazon.es\/cyr1e\/wp-json\/wp\/v2\/users\/1"}],"replies":[{"embeddable":true,"href":"https:\/\/cuentayrazon.es\/cyr1e\/wp-json\/wp\/v2\/comments?post=41"}],"version-history":[{"count":1,"href":"https:\/\/cuentayrazon.es\/cyr1e\/wp-json\/wp\/v2\/pages\/41\/revisions"}],"predecessor-version":[{"id":42,"href":"https:\/\/cuentayrazon.es\/cyr1e\/wp-json\/wp\/v2\/pages\/41\/revisions\/42"}],"wp:attachment":[{"href":"https:\/\/cuentayrazon.es\/cyr1e\/wp-json\/wp\/v2\/media?parent=41"}],"curies":[{"name":"wp","href":"https:\/\/api.w.org\/{rel}","templated":true}]}}